{"id":6943,"date":"2026-01-27T03:08:02","date_gmt":"2026-01-27T03:08:02","guid":{"rendered":"https:\/\/zeitblick.at\/?page_id=6943"},"modified":"2026-01-27T12:04:32","modified_gmt":"2026-01-27T12:04:32","slug":"impressum","status":"publish","type":"page","link":"https:\/\/zeitblick.at\/index.php\/impressum\/","title":{"rendered":"Impressum"},"content":{"rendered":"\n<p><strong>Medieninhaber:<\/strong> Hasan I\u015f\u0131lak<br><strong>Chefredakteur:<\/strong> Hasan I\u015f\u0131lak<\/p>\n\n\n\n<p><strong>Kontakt<\/strong><br>Web: <strong><a href=\"http:\/\/www.zeitblick.at\">www.zeitblick.at<\/a><\/strong><br>Tel: +43 676 555 1 333<br>E-Mail Adresse: <strong><a>info@zeitblick.at<\/a><\/strong><br>Anschrift: Goldschlagstrasse 69-6-3<br>A-1150 Wien \/ \u00d6sterreich<\/p>\n\n\n\n<p>Dem Ehrenkodex des \u00d6sterreichischen Presserats verpflichtet.<\/p>\n","protected":false},"excerpt":{"rendered":"<p>Medieninhaber: Hasan I\u015f\u0131lakChefredakteur: Hasan I\u015f\u0131lak KontaktWeb: www.zeitblick.atTel: +43 676 555 1 333E-Mail Adresse: info@zeitblick.atAnschrift: Goldschlagstrasse 69-6-3A-1150 Wien \/ \u00d6sterreich Dem Ehrenkodex des \u00d6sterreichischen Presserats verpflichtet.<\/p>\n","protected":false},"author":1,"featured_media":0,"parent":0,"menu_order":0,"comment_status":"closed","ping_status":"closed","template":"","meta":{"footnotes":""},"class_list":["post-6943","page","type-page","status-publish"],"aioseo_notices":[],"_links":{"self":[{"href":"https:\/\/zeitblick.at\/index.php\/wp-json\/wp\/v2\/pages\/6943","targetHints":{"allow":["GET"]}}],"collection":[{"href":"https:\/\/zeitblick.at\/index.php\/wp-json\/wp\/v2\/pages"}],"about":[{"href":"https:\/\/zeitblick.at\/index.php\/wp-json\/wp\/v2\/types\/page"}],"author":[{"embeddable":true,"href":"https:\/\/zeitblick.at\/index.php\/wp-json\/wp\/v2\/users\/1"}],"replies":[{"embeddable":true,"href":"https:\/\/zeitblick.at\/index.php\/wp-json\/wp\/v2\/comments?post=6943"}],"version-history":[{"count":2,"href":"https:\/\/zeitblick.at\/index.php\/wp-json\/wp\/v2\/pages\/6943\/revisions"}],"predecessor-version":[{"id":6986,"href":"https:\/\/zeitblick.at\/index.php\/wp-json\/wp\/v2\/pages\/6943\/revisions\/6986"}],"wp:attachment":[{"href":"https:\/\/zeitblick.at\/index.php\/wp-json\/wp\/v2\/media?parent=6943"}],"curies":[{"name":"wp","href":"https:\/\/api.w.org\/{rel}","templated":true}]}}